g*r + 36. Calculate the remainder when 33 is divided by r.
9
Suppose -6*l + 11*l - 20 = 0. Suppose -5*m - r = -0*r - 13, m + l*r = 14. What is the remainder when 6 is divided by m?
0
Let g(r) = -r**3 - 20*r**2 - 39*r - 29. What is the remainder when g(-18) is divided by 16?
9
Let w = 0 - -2. Let m be 0 - w*(-3)/3. Calculate the remainder when (144/(-20))/(m/(-10)) is divided by 19.
17
Suppose 3*b + 4*c = 67, 4*c + 12 + 68 = 4*b. What is the remainder when 102 is divided by b?
18
Let o(z) = 4*z + 117. Calculate the remainder when 20 is divided by o(-29).
0
Let k(i) = -i - 5. Let r be (-1)/(3/21*1). Calculate the remainder when 4 is divided by k(r).
0
Suppose s + k = 26, -18 - 82 = -4*s - 5*k. What is the remainder when s is divided by 16?
14
Suppose 0 = 4*o - 16, -z + 2*o + 4 = -o. Let t(l) = -l**3 - 7*l**2 + 7 + 3*l + 2*l**3 + 2. Calculate the remainder when t(7) is divided by z.
14
Let y(v) = -v + 4. Let g(x) = -x**2 - 4*x. Let l be g(-3). Suppose -s = 4*w - 11, l*s + 3*w - 6 = 9. What is the remainder when y(0) is divided by s?
1
Let m be -3 + (21 - (4 + -1)). Let q = m - 9. Let j(u) = u**2 - u - 5. What is the remainder when j(q) is divided by 13?
12
What is the remainder when 8 - 4 - -1*31 is divided by 9?
8
Suppose 304*x - 95 = 299*x. Calculate the remainder when 33 is divided by x.
14
Let j = 3 + -4. Let c(d) = 21*d**2 - 1. Let a be c(j). Let w = 37 - a. Calculate the remainder when w is divided by 9.
8
Let m be (-20)/(-15) + (-160)/(-6). Calculate the remainder when 94 is divided by 0 + (m - 3) - 1.
22
Suppose 5*l - 64 - 71 = 0. What is the remainder when l is divided by 1*8 + -1*1?
6
Let q(a) = -a**2 - 31*a - 52. What is the remainder when 62 is divided by q(-28)?
30
Let i = 7 - 4. Let c = i + 10. Calculate the remainder when c is divided by 5.
3
Suppose -9*k - 112 = -17*k. Calculate the remainder when 207 is divided by k.
11
Suppose 12*l - 235 = 7*l. What is the remainder when l is divided by 8?
7
What is the remainder when (-2)/(-7) + 40/7 is divided by 4?
2
Suppose -w - 1 = -3*u, 2*u + 2*w = -3*u + 20. Calculate the remainder when 7 is divided by u.
1
Suppose 4 = m - 12. Calculate the remainder when 15 is divided by (-3)/3*m/(-2).
7
Suppose -2*v + 31 - 9 = 0. Let o(h) = -h**2 - 11*h + 3. Calculate the remainder when o(-7) is divided by v.
9
Let r(y) = 3*y**2 + 2*y + 1. Calculate the remainder when r(-1) is divided by 2.
0
Let c = 16 + -3. Let v be 3/6*(-3 - -3). Suppose -5*y + v*y + 125 = 0. What is the remainder when y is divided by c?
12
Let o be (1*-2)/1 + 12. Calculate the remainder when (70/3)/((-8)/(-12)) is divided by (-2 + o)*(-6)/(-4).
11
Suppose -4*q + 2*q + 18 = 0. Calculate the remainder when 34 is divided by q.
7
Let f(x) be the third derivative of -x**6/120 + x**5/12 - x**4/24 - x**3/6 + 3*x**2. Let v = 22 + -1. What is the remainder when v is divided by f(4)?
10
Calculate the remainder when (-217)/(-5) + (-4)/10 is divided by (-24)/20*-5*(-10)/(-4).
13
Suppose h + 5*q - 5 = 0, 0*q - 32 = -3*h + 2*q. Calculate the remainder when 116 is divided by h.
6
Calculate the remainder when -2 + (-4)/(-2) + 87 is divided by 1144/65 - (2 - (-24)/(-10)).
15
Let n(p) = -7*p + 2. Suppose 0 = -2*s - 8 - 0, 4*h + 2*s = 36. Calculate the remainder when n(-4) is divided by h.
8
Let o(k) = -k + 40. What is the remainder when o(6) is divided by 21?
13
Let i = -22 - -64. Suppose -3*a - 15 = 0, -b - i + 19 = a. What is the remainder when 5 is divided by 1/5 + b/(-10)?
1
Let k(n) = 19*n**2 - 6*n + 1. What is the remainder when k(2) is divided by 14?
9
Let o(a) = a**2 - 8*a - 5. Let b be o(9). Suppose b*t + 11 = 5*t. Calculate the remainder when 21 is divided by t.
10
Let i = 161 - 143. What is the remainder when 53 is divided by i?
17
Suppose -2*u + 0 = -i - 3, 18 = 5*u + i. Calculate the remainder when 5 is divided by (1/3)/(u/18).
1
Let f(z) be the first derivative of -z**3/3 - 13*z**2/2 + z - 3. Calculate the remainder when f(-6) is divided by 15.
13
Suppose 2*b = 12 + 4. Calculate the remainder when b is divided by 5.
3
What is the remainder when (-13)/(-2) + (-2)/4 is divided by 0 + 3 - (-1 + 0)*1?
2
Let k = -1732 + 1741. Suppose 2*s = -4*u + 4, -2*s + 4*s + 14 = 2*u. Suppose -y + u*w + 4 = -22, 2*w + 23 = y. Calculate the remainder when y is divided by k.
8
Suppose 23 + 76 = 9*l. Let o be -4*6/(-4) + -1. Suppose 2*w - 24 = -4*f, 2*f = -o*w - 3*f + 40. What is the remainder when l is divided by w?
3
Let l = -13 + 34. Let x(b) = b**2 + 7*b + 3. Let h be x(-6). Let v(k) = -k**3 - 2*k**2 - 2*k - 4. What is the remainder when l is divided by v(h)?
10
Suppose 0 = -3*q - 59 + 227. Suppose 5*m = q - 1. Calculate the remainder when 21 is divided by m.
10
Let o = 4 - 3. Suppose 3*r - 3*m = -9, -2*m = -4*r - 3 + 1. Calculate the remainder when 5 is divided by -1 - -3 - (o - r).
2
Let g = -3 - -22. What is the remainder when 37 is divided by g?
18
Suppose 2 + 12 = 2*l. Suppose -2*h + l = -h. What is the remainder when 26 is divided by h?
5
Let v be ((-264)/36)/(4/(-6)). Suppose 0 = -2*u + 3*u - v. Calculate the remainder when 41 is divided by u.
8
Let v be (-84)/(-15)*(-30)/(-12). Suppose -s - 32 = 5*g - 124, -g = -2*s - v. Calculate the remainder when 69 is divided by g.
15
Suppose 5*t - 87 = 73. Let v = -19 + 30. Calculate the remainder when t is divided by v.
10
Let p = 57 - 40. Suppose -4*y + p = -15. Suppose 19 = 4*n - 2*o + o, -5*n - o = -26. Calculate the remainder when y is divided by n.
3
Let k(i) = 3*i + 1. Calculate the remainder when 28 is divided by k(3).
8
Suppose 0 = -5*s + 2*s + 39. Let k = -15 - -22. Calculate the remainder when s is divided by k.
6
Let b be 0 + 3 + (-7 - -40). Let f = -25 + b. What is the remainder when 32 is divided by f?
10
Let g(t) be the first derivative of -t**2/2 - 1. Let d be 2/(-7) + 36/(-21). Calculate the remainder when 3 is divided by g(d).
1
Suppose 2*g + 10 = 0, 5*n + g - 266 = 214. Calculate the remainder when n is divided by 9.
7
Suppose 5*g - g - 180 = 0. Let b(l) = -7*l**2 - 2*l - 1. Let z be b(-2). Let v = z - -48. Calculate the remainder when g is divided by v.
22
Let z = -30 - -38. Calculate the remainder when 37 is divided by z.
5
Let t be 15/(-2)*(-12)/15. Suppose -3*f = -t - 3. Let i(a) = -7*a. Calculate the remainder when i(-1) is divided by f.
1
Suppose 4*w - 16 = -0. Suppose -22 = -4*c - 2. Calculate the remainder when c is divided by w.
1
Let u be (-89)/(-5) - 7/(-35). Let b = u - -4. Let z(k) = 2*k + 2. What is the remainder when b is divided by z(3)?
6
Let y(w) = w**2 + w + 1. Let c be y(-1). Suppose x - s = -x - 7, -x - s + c = 0. Calculate the remainder when 14 is divided by ((-1)/x)/(1/10).
4
Let i(d) = -3*d**2 - 10*d + 10. Let f = -12 + 19. Calculate the remainder when f is divided by i(-4).
1
Suppose -4*c = -u - 0*u + 22, 3*u + 2 = -5*c. Calculate the remainder when ((-5 - 2) + 6)*-11 is divided by u.
5
Let z be 3 - (0 - -3)*-1. Suppose -5*q + 2*q + z = 0. Suppose 10 = 2*a, r + q*a = -r + 50. What is the remainder when 58 is divided by r?
18
Let q = -10 + 19. What is the remainder when 16 is divided by q?
7
Let c = -11 - -17. What is the remainder when 34 is divided by c?
4
Let o = 52 + 29. Calculate the remainder when o is divided by 17.
13
Suppose u + 4*r = -0*u - 1, -4*u = -2*r - 50. Calculate the remainder when 41 is divided by u.
8
Let b = -34 - -63. Calculate the remainder when b is divided by 6.
5
Suppose -2*h = 4*y + 40, 5*y + 5*h + 6 + 44 = 0. Let a(i) = -i + 9. What is the remainder when a(y) is divided by 10?
9
Suppose 2*d - 73 = 9. Suppose r + 56 = 5*r. Calculate the remainder when d is divided by r.
13
Let h = 43 + -22. What is the remainder when 38 is divided by h?
17
Let p(o) = 3*o - 2. Suppose 11 = 2*h - q - 2*q, 5*q - 11 = -4*h. What is the remainder when (399/(-42))/(2 + 10/(-4)) is divided by p(h)?
9
Let p = -148 - -217. What is the remainder when p is divided by 24?
21
Suppose -n + 2*n = -4*y + 35, 5*n = y - 14. Let u be (-1 - 56)/(0 - 1). Let q = u - 41. Calculate the remainder when q is divided by y.
7
Let n(r) = -3*r**3 + r - 6. What is the remainder when 43 is divided by n(-2)?
11
Suppose -5*l - 3*r = r - 10, -2 = -l + 5*r. What is the remainder when l is divided by 2?
0
Let x(n) = -4 - 2*n + n + 2*n**2 + 0*n**2. Suppose -2*l - 5*t = -3*t + 14, -5*l - 